ist the prime factors of c.
191
Let i = -16445 + 24207. List the prime factors of i.
2, 3881
Suppose 5*s - 20593 = -5*u + 33442, 5*u - 3*s = 54003. What are the prime factors of u?
3, 13, 277
Let t(s) = 224*s**2 + 146*s - 1119. List the prime factors of t(8).
3, 5, 7, 137
Let f = -170 - -172. Suppose 3*z - r + 727 = 4*z, r + 1451 = f*z. List the prime factors of z.
2, 3, 11
What are the prime factors of ((-276)/(-30))/((-2)/(-1130))?
2, 23, 113
Let k be 2/(3 - 1)*(0 + 5). Let w be k*(-2)/(-5) + 0/(-2). What are the prime factors of 52*(w + (21/2)/(-7))?
2, 13
Let g(j) = -j**3 - 16*j**2 + 16*j + 13. Let d be g(-15). Let x = d - -832. List the prime factors of x.
2, 5, 19
Let q(v) = 128*v**2 - 40*v - 144. What are the prime factors of q(-14)?
2, 797
Suppose 356110 + 5330 = 72*u. What are the prime factors of u?
2, 5, 251
Let h = -47667 - -68078. List the prime factors of h.
20411
Let f be (0 - 90/(-25)) + (-2)/(-5). Suppose -10 = f*d - 9*d. Suppose -w - 3*c + 191 = 0, -2*w + d*c + 3*c + 382 = 0. What are the prime factors of w?
191
Suppose 910*s = 928*s - 63936. What are the prime factors of s?
2, 3, 37
Suppose -2*i - p = -17715, 0 = -66*i + 68*i - 2*p - 17724. List the prime factors of i.
3, 2953
Suppose -39*l + 41*l = 10. Suppose -1254 = -l*i + 2*a + 2*a, -5*i - 4*a = -1246. List the prime factors of i.
2, 5
Let k = -1949 - -12112. List the prime factors of k.
10163
What are the prime factors of -1907*(2 + -11 + 7)?
2, 1907
Let m(y) = -y**3 - 19*y**2 + 3*y - 24. Let l be m(-19). Let w = 77 + l. What are the prime factors of (3507/(-42))/(2/w)?
167
Let i be (-1 + 1 + 1)*-30. What are the prime factors of 1/((-1)/(-271))*(-29 - i)?
271
Let v = -1036 + 910. Suppose 2*c - 9 = 5*c. List the prime factors of (-1)/(-2*c/v).
3, 7
Let m = -368 + 372. Suppose -3*y + 196 = 2*l, 0 = m*y + l - 185 - 68. What are the prime factors of y?
2, 31
Let r(a) = 31*a**2 + 438*a + 34. List the prime factors of r(-22).
2, 37, 73
What are the prime factors of 72/(-42)*(-25 + 32)*1598/(-4)?
2, 3, 17, 47
Let c be (1/(-1))/((-207)/(-18) - 11). List the prime factors of 2*c*(-1001)/28.
11, 13
Suppose 435*d = 342*d + 211575. List the prime factors of d.
5, 7, 13
Let z = 50 - 57. Let d = -4 - z. Suppose -g + d*l = -208, -2*g + 2*l = -368 - 52. List the prime factors of g.
211
Suppose -4*s - g = -7, 2*s - 2 = -g - g. Suppose s*f + 66 = 4*f. List the prime factors of (-4 - f/(-6))*10/3.
5
Suppose -3*z + 2 = -4*a - 5, z = 5*a - 5. Suppose -5*h = k + 54, 3*k = h + k + a. Let x = 15 - h. What are the prime factors of x?
5
List the prime factors of (497854/(-20))/(-7) - 35/350.
2, 7, 127
Let p be 490/(-6) - (80/15)/(-8). Let y = p - 19. Let o = -69 - y. List the prime factors of o.
31
Suppose -8*p - 42*p + 626986 - 183486 = 0. What are the prime factors of p?
2, 5, 887
Let m(p) = 17 + p**2 + p**3 + 3*p + 6*p**2 + 13*p**2 - 14*p**2. List the prime factors of m(5).
307
Let h(b) = -295*b - 9. Let k be h(1). Let g = 728 + k. List the prime factors of g.
2, 53
What are the prime factors of -3 + -5 + 11 - -206?
11, 19
Suppose 146*q - 58*q = 761376. List the prime factors of q.
2, 3, 7, 103
Suppose -4754 - 2008 = -6*p. List the prime factors of p.
7, 23
Let q(i) = -5*i - 31. Let k(b) = -14*b - 93. Let y(p) = -4*k(p) + 11*q(p). Let a be y(-11). List the prime factors of (-222)/(-2) + a/4.
2, 29
Suppose -25*a + 27*a + z = 14822, 4*a - 4*z - 29668 = 0. What are the prime factors of a?
3, 7, 353
Let p be 7 + -4 + 10 + -3. Let v(b) = 4 - b - 4*b**2 + 2*b**2 - 2 + 3*b**2. What are the prime factors of v(p)?
2, 23
Suppose 8*m = 3*m + 4*a + 90, 31 = 4*m + 5*a. Suppose -m*j - 2610 = -8*j. Let x = 728 + j. List the prime factors of x.
293
Suppose 5*n - 4*l = 834, 0*l - 870 = -5*n - 5*l. List the prime factors of (-6 + n + -4)/(0 + 1).
2, 5
Let p(n) = -5*n - 19. Let j be p(-8). Let k(s) = 5 - 6 + s**3 - 11*s - 8 - 16*s + j*s**2. What are the prime factors of k(-22)?
101
Let c = -1149 + 1154. Let m(k) = -4*k**2 - 11*k - 5 - 2*k + 0*k + 2*k**3. What are the prime factors of m(c)?
2, 5
Let x = 11619 - 11618. Suppose 0*w = w. What are the prime factors of 0/(-3 - w) - (x + -94)?
3, 31
Let c be ((-85)/(-15) - 6)*-12. Let b be 2/(-8)*22*-2. Suppose c*q = -10*o + b*o + 445, -130 = -q + 4*o. List the prime factors of q.
2, 5, 11
Let m = 49707 + -30107. What are the prime factors of m?
2, 5, 7
Suppose -39*z + 35 = -44*z, -5*i + 342374 = -2*z. List the prime factors of i.
2, 3, 317
Let r = -28121 - -62352. List the prime factors of r.
34231
Let t be (5 - 2)/(-1) + -8 + 235. Suppose 0 = -j + 700 - t. Suppose -o - j = -5*o. List the prime factors of o.
7, 17
Let y(w) = -w**3 + 6*w**2 - 2*w + 2. Let o = -73 - -67. Let j(r) = r**2 + 4*r - 9. Let n be j(o). What are the prime factors of y(n)?
23
Let q(d) = -10*d**3 - 4*d**2 - 9*d - 5. Let a be q(-4). Let j = a - 159. Suppose -7*w - 21 = -j. What are the prime factors of w?
61
Let p(i) = -134*i - 36. Let l be p(-14). Suppose 0 = -31*w + 29*w + l. List the prime factors of w.
2, 5, 23
Let k = 57709 + -40415. List the prime factors of k.
2, 8647
Suppose 7255*x = 7252*x + 146430. What are the prime factors of x?
2, 3, 5, 1627
Let o = -19 + 59. Let f be (o/10)/(0 - 2/(-4)). Let z(n) = 5*n + 16. List the prime factors of z(f).
2, 7
Let q = -2650 - -8149. Suppose 0 = -4*c - 5*c + q. List the prime factors of c.
13, 47
Let o = 134 + -129. Suppose 4*t - 2077 = -5*j, -o*j + 1339 = 3*t - 215. List the prime factors of t.
523
Let f(p) = -p**3 + 23*p**2 + 8*p + 15. Let s be f(23). Let d = 365 + s. List the prime factors of d.
2, 3, 47
List the prime factors of (-73304)/(-2) - (9 + -5 + -6).
2, 3, 41, 149
List the prime factors of 616/88*5416/7.
2, 677
Let y(s) = -67*s**2 - 11*s - 10. Let d be y(-1). Let n = 72 + d. Let k(f) = 23*f - 3. What are the prime factors of k(n)?
3, 5
Let i(o) = 2*o + 28. Let p be i(-11). Suppose 8*r = p*r + 368. Let j = -108 + r. List the prime factors of j.
2, 19
What are the prime factors of (996/4)/((-11)/(-3674))?
2, 3, 83, 167
Suppose 0 = -r - 6, -119696 = -2*o - 5*r + 10*r. List the prime factors of o.
59833
Suppose a + 5*d = 14, -3*a + a + 2*d = -4. Suppose -a*c + 245 = -1811. List the prime factors of c.
2, 257
Suppose -10*a - 235 = 1085. List the prime factors of 1197/(-2)*a/99.
2, 3, 7, 19
Suppose -39 = 4*z - 59. List the prime factors of 5 - (-2791)/2 - z/10.
2, 5, 7
Let j be -14 + ((-7)/21 - 14/(-6)). List the prime factors of 3982*(-2)/j - 2/(-6).
2, 83
Let p(d) = 3*d**2 + 125. Let m be p(0). Suppose 94 + m = 3*c. Suppose -c = -q + 69. What are the prime factors of q?
2, 71
Let g = 80 + -75. Suppose g*z - 61 = -376. Let q = z + 114. What are the prime factors of q?
3, 17
Let b(g) = -114*g**2 + 3*g - 1. Let t be (-10)/(-2 + 0) + -4. Let j be b(t). Let z = 60 - j. List the prime factors of z.
2, 43
Let o be (-3)/24 - (-2 + (-4)/32). Let x be 9/o + 1/2. Suppose -x*h - 8*j + 860 = -6*j, 3*h - 2*j - 516 = 0. List the prime factors of h.
2, 43
Let z be 6/(20/(-2 - -12)). Suppose -3357 = -3*m + m + z*h, 0 = m - 5*h - 1661. What are the prime factors of m?
2, 3, 281
Let c(r) = r**3 + 21*r**2 - 3*r - 45. Let i be c(-21). Suppose -3160 = i*k - 14194. List the prime factors of k.
613
Let x(l) = -14*l**2 - 7*l**2 - 2 + 20*l**2 - 17*l. Let h be x(-13). List the prime factors of 2/(8/h*(-4)/(-88)).
5, 11
Suppose 2*m - 2*a = 23004, 0 = -2*m - 3*a - 6250 + 29284. List the prime factors of m.
2, 3, 7, 137
Let j(n) = -486*n**2 - 11*n - 2. Let u be j(-2). Let c = 2902 + u. List the prime factors of c.
2, 3, 163
Suppose -36 + 22 = u. What are the prime factors of (u + 3)/(5/(-10))?
2, 11
Let u = 13825 + 13553. What are the prime factors of u?
2, 3, 13
Suppose -b - 2*b + 27 = -t, -2*t = b - 2. Suppose -b*i = 5*i - 5447. List the prime factors of i.
419
Let l = 31 + -31. Suppose -3*n + 7*n - 64 = l. What are the prime factors of 4/(-16) - (-916)/n?
3, 19
Let y(j) = 21*j - 47 - 24*j + 2. Let k be y(-9). Let q(f) = f**3 + 19*f**2 + 12*f + 1. What are the prime factors of q(k)?
109
Suppose -6*k - 2*b + 175262 = 0, -23*b + 25*b = k - 29229. What are the prime factors of k?
131, 223
Let h = 290 + -287. List the prime factors of 454/(-8)*(h + -8 + -3).
2, 227
Suppose 5*s - 220 = 10. Suppose 0 = 4*z - s - 298. Suppose -19*o + 21*o - z = 0. What are the prime fa